(4).
-13
Let u(g) = -g**2 - 9*g + 1110. Give u(29).
8
Let u(h) = -h**3 + 261*h**2 + 259*h + 792. Calculate u(262).
6
Let o(f) = 2*f**2 + 252*f - 10126. Calculate o(32).
-14
Let o(y) = 40*y**2 + 1771*y + 493. What is o(-44)?
9
Let a(f) = 3*f**3 - 46*f**2 - 58*f - 49. Give a(17).
410
Let p(g) = -g**3 - 143*g**2 - 3*g - 341. Calculate p(-143).
88
Let s(l) = 79*l - 1454. Give s(19).
47
Let o(l) = -3*l**3 + 14*l**2 - 13*l - 4. What is o(5)?
-94
Let h(o) = -o**3 + 10*o**2 + 4*o + 30. Calculate h(11).
-47
Let f(x) = 224*x - 6497. What is f(29)?
-1
Let t(x) = -x**3 - 3*x**2 + x + 62. Determine t(0).
62
Let w(r) = -17*r + 2. Determine w(-8).
138
Let s(j) = -52*j - 65. Give s(-3).
91
Let a(y) = -2*y**3 - 17*y**2 + 181*y - 60. Determine a(6).
-18
Let v(s) = -s**3 - 36*s**2 - 203*s - 96. Give v(-29).
-96
Let c(h) = 61*h + 185. Determine c(-12).
-547
Let q(d) = -2*d**2 - 9*d + 19. Calculate q(-6).
1
Let z(i) = 300*i**2 + 5398*i - 20. Calculate z(-18).
16
Let m(d) = -2*d**3 - 4*d**2 - 2*d + 29. Give m(0).
29
Let v(z) = -z**2 - 55*z + 153. Determine v(-58).
-21
Let o(n) = 31*n**3 - 20*n**2 - 3. What is o(2)?
165
Let j(i) = 2*i**3 - 140*i**2 + 136*i + 161. Determine j(69).
23
Let m(u) = -275*u**3 + 825*u**2 - 2*u + 2. Calculate m(3).
-4
Let p(q) = -q + 9. Determine p(-7).
16
Let r(z) = 9*z**2. Calculate r(1).
9
Let z(l) = 15*l**3 - 2368*l**2 - 316*l + 7. Determine z(158).
7
Let k(s) = 2*s**3 - 14*s**2 + 15*s + 14. What is k(2)?
4
Let d(x) = -x**2 + 67*x - 904. Give d(46).
62
Let j(s) = -4*s + 150. Calculate j(22).
62
Let m(s) = 37*s**2 + 67*s - 9. Determine m(-2).
5
Let k(f) = 4*f**2 + 46*f + 88. Give k(-2).
12
Let k(z) = 433*z - 862. What is k(2)?
4
Let x(h) = -5*h**2 - 23*h + 7. Calculate x(0).
7
Let m(k) = 27*k - 8. What is m(2)?
46
Let g(b) = -122*b**2 - 4*b + 3. Determine g(1).
-123
Let n(b) = 2*b**2 - 457*b - 13. Calculate n(0).
-13
Let n(z) = 73*z - 2183. Calculate n(30).
7
Let x(a) = -a**2 + 30*a - 27. Determine x(6).
117
Let m(u) = -u**3 + 97*u**2 + 4*u - 342. What is m(97)?
46
Let q(a) = -a**3 + 29*a**2 + 33*a - 201. What is q(30)?
-111
Let y(a) = -a**2 - 99*a - 925. Determine y(-10).
-35
Let m(s) = -3*s**2 - 4*s + 2. Calculate m(2).
-18
Let d(g) = 936*g + 33694. Calculate d(-36).
-2
Let g(a) = 61*a**2 + 77*a - 1. Calculate g(-1).
-17
Let v(p) = -31*p + 288. Calculate v(17).
-239
Let l(r) = 26*r + 1274. Give l(-49).
0
Let z(n) = -8*n**3 + 17*n**2 + 4*n + 9. Determine z(3).
-42
Let y(f) = -f**3 - 11*f**2 - 40*f - 54. Give y(-6).
6
Let r(z) = -308*z + 3860. Determine r(13).
-144
Let g(l) = l**3 - 7*l**2 + 6*l + 6. Determine g(6).
6
Let q(b) = -b**3 + 6*b**2 + 56*b - 343. What is q(7)?
0
Let u(v) = 4*v**2 - 77*v + 448. Determine u(6).
130
Let i(s) = -324*s + 2396. Determine i(8).
-196
Let c(m) = 1457*m + 5833. Calculate c(-4).
5
Let o(l) = 440*l + 3970. Determine o(-9).
10
Let z(h) = 48*h - 210. Give z(4).
-18
Let n(x) = 15*x**2 - 23*x + 15. Determine n(4).
163
Let x(i) = 2*i**2 + 27*i + 99. Determine x(-6).
9
Let b(u) = 31*u**2 + 71*u + 211. Calculate b(-3).
277
Let y(n) = -n**3 + 82*n**2 + 631*n + 63. Determine y(-7).
7
Let w(f) = f**3 + 157*f**2 + 6021*f - 813. Determine w(-90).
-3
Let n(a) = a**3 + 5*a**2 - 14*a - 43. Calculate n(-10).
-403
Let o(z) = -13*z**2 - 39*z - 24. Give o(-2).
2
Let h(t) = -13*t - 384. Calculate h(-28).
-20
Let g(p) = -22*p - 48. What is g(-8)?
128
Let n(d) = -d**2 + 98*d - 97. Determine n(99).
-196
Let l(q) = -21178*q + 84699. Give l(4).
-13
Let l(t) = -97*t + 232. What is l(2)?
38
Let f(y) = y**3 - 112*y**2 + 460*y + 376. Give f(5).
1
Let b(p) = -14136*p - 56549. Determine b(-4).
-5
Let s(g) = -20*g + 831. Give s(41).
11
Let p(q) = -q**3 - 16*q**2 - 5*q - 720. What is p(-18)?
18
Let x(w) = 71*w + 2340. Determine x(-33).
-3
Let j(w) = -2*w**3 + 274*w**2 + 2322*w - 261. Calculate j(145).
29
Let m(h) = 35*h + 501. What is m(16)?
1061
Let z(v) = -4392*v - 4397. Give z(-1).
-5
Let o(v) = 1121*v + 26893. Give o(-24).
-11
Let z(v) = v**3 - 14*v**2 + 29*v + 11. What is z(11)?
-33
Let y(f) = -f**2 + 5*f + 185. What is y(17)?
-19
Let v(m) = -656*m + 43951. What is v(67)?
-1
Let m(w) = 992*w + 13936. Determine m(-14).
48
Let v(h) = h**2 - 107*h + 2777. Calculate v(63).
5
Let m(h) = -198*h + 23192. What is m(117)?
26
Let i(l) = l**3 - 9*l**2 + 13*l - 23. What is i(7)?
-30
Let k(g) = -g**2 - 1. Give k(0).
-1
Let a(c) = -c**3 + 75*c**2 - 5*c + 372. Calculate a(75).
-3
Let v(s) = s**3 - 6*s**2 + 23*s - 138. What is v(6)?
0
Let z(s) = 117*s**2 + 1753*s - 23. Calculate z(-15).
7
Let x(m) = -m**2 + 42*m - 6. What is x(42)?
-6
Let z(y) = 794*y + 475. Determine z(-1).
-319
Let n(q) = 18*q + 186. Calculate n(-6).
78
Let u(q) = -4*q**3 + 45*q**2 - 115*q - 5. What is u(4)?
-1
Let h(v) = -569*v + 2288. What is h(4)?
12
Let u(g) = -41*g**2. Determine u(3).
-369
Let d(n) = -25*n**2 + 175*n + 10. Calculate d(7).
10
Let h(m) = -27*m**3 + 14*m**2 + 6*m - 3. Give h(2).
-151
Let g(q) = 2*q**2 - 114*q + 183. Give g(0).
183
Let l(n) = 18*n**2 + 262*n - 14. What is l(-15)?
106
Let g(a) = -16*a**3 - 57*a**2 + 30*a - 2. What is g(-4)?
-10
Let z(q) = 3*q**3 - 34*q**2 + 9*q - 3. What is z(11)?
-25
Let y(f) = 2*f**2 - 41*f + 135. Calculate y(5).
-20
Let s(j) = 2*j**2 + 312*j - 4037. Determine s(12).
-5
Let y(g) = 2*g**3 - 40*g**2 + 42*g - 25. Calculate y(18).
-565
Let r(o) = 59*o + 2356. Give r(-39).
55
Let r(y) = -992*y + 1953. What is r(2)?
-31
Let n(x) = -89*x + 536. What is n(6)?
2
Let d(y) = -119*y - 291. Calculate d(-2).
-53
Let g(d) = d**2 + 824*d + 13733. Calculate g(-17).
14
Let t(u) = u**3 + 8*u**2 + 11*u + 14. Give t(-7).
-14
Let u(y) = -y**3 + y**2 + 16*y + 34. What is u(-4)?
50
Let i(f) = f**3 - 12*f**2 + 15*f - 75. Determine i(11).
-31
Let x(a) = -86*a - 849. Calculate x(-10).
11
Let v(o) = -391*o - 4493. Give v(-11).
-192
Let q(i) = -19*i - 586. Calculate q(-18).
-244
Let p(o) = -4*o**3 - 4*o**2 - 7*o - 10. Determine p(0).
-10
Let d(j) = 14*j**3 - 89*j**2 - 61*j - 48. Determine d(7).
-34
Let f(l) = l**3 - 2*l**2 - 26*l + 44. Calculate f(6).
32
Let j(f) = 77*f - 1858. Determine j(25).
67
Let u(v) = 2*v**3 - 23*v**2 + 35*v - 28. Determine u(10).
22
Let z(d) = -d**2 + 13*d - 30. Calculate z(12).
-18
Let f(j) = j**3 - 12*j**2 - 72*j - 20. Calculate f(-8).
-724
Let j(z) = -59*z + 479. What is j(9)?
-52
Let t(o) = -946*o - 4707. Determine t(-5).
23
Let f(c) = c**3 - 18*c**2 + 50*c - 566. Determine f(17).
-5
Let u(w) = 33*w + 1930. What is u(-57)?
49
Let r(b) = b**2 - 451*b - 3206. What is r(-7)?
0
Let i(j) = -57*j + 144. Determine i(3).
-27
Let y(d) = d**3 - 7*d**2 - 2*d + 6. What is y(0)?
6
Let x(j) = 221*j - 879. What is x(4)?
5
Let f(r) = 3*r**3 + 7*r**2 - 12*r - 29. Determine f(4).
227
Let v(q) = -61*q + 329. Determine v(6).
-37
Let h(o) = -83*o - 2864. Determine h(-36).
124
Let w(z) = -z**3 + 27*z**2 - 116*z - 114. Calculate w(21).
96
Let s(a) = -2*a**2 + 70*a - 483. Give s(18).
129
Let n(o) = -84*o + 1624. Determine n(20).
-56
Let r(w) = 74*w - 199. What is r(4)?
97
Let q(i) = -20*i - 783. Determine q(-39).
-3
Let i(f) = -41*f**2 - 598*f + 256. Determine i(-15).
1
Let i(g) = 13*g + 159. What is i(-12)?
3
Let x(r) = 229*r + 9625. Give x(-42).
7
Let o(l) = l**3 - 12*l**2 + 41*l - 22. Determine o(5).
8
Let q(j) = -94*j - 6395. What is q(-68)?
-3
Let j(m) = m**2 + 60*m + 636. Calculate j(-49).
97
Let y(d) = -285*d + 15126. What is y(53)?
21
Let n(r) = 25*r**3 - r**2 + 9*r - 9. Determine n(2).
205
Let g(v) = 77*v - 44. Determine g(1).
33
Let p(g) = -2*g**2 - 29*g + 132. Give p(6).
-114
Let k(q) = -q**3 - 3*q**2 - 402*q - 1612. Determine k(-4).
12
Let b(c) = c**2 + 410*c - 4205. Determine b(10).
-5
Let n(d) = -5*d**3 - 3*d**2 - d + 8. What is n(3)?
-157
Let c(w) = w**3 + 32*w**2 + 77*w + 110. What is c(-29)?
400
Let h(k) = k**2 - 95*k - 1767. Give h(111).
9
Let r(d) = -2*d**2 - 1577*d - 10. Give r(0).
-10
Let k(d) = -35*d + 332. What is k(11)?
-53
Let m(r) = 6*r - 126. Give m(-6).
-162
Let q(i) = 115*i + 2177. Give q(-19).
-8
Let z(k) = -k**2 - 119*k - 1380. What is z(-13)?
-2
Let m(v) = v**3 - 110*v**2 - 460*v + 465. Give m(114).
9
Let n(i) = i**3 - 16*i**2 + 28*i + 144. Calculate n(13).
1
Let z(y) = -41*y**2 - 112*y - 66. Calculate z(-2).
-6
Let h(n) = 76*n + 106. What is h(-1)?
30
Let t(x) = -x**3 + 7*x**2 + 2*x + 824. What is t(0)?
824
Let m(